{"id":86,"date":"2018-08-02T19:45:22","date_gmt":"2018-08-02T19:45:22","guid":{"rendered":"https:\/\/kielhilft.marcweidemueller.de\/wordpress\/?page_id=86"},"modified":"2018-09-02T20:06:26","modified_gmt":"2018-09-02T20:06:26","slug":"mitgliedsbereich","status":"publish","type":"page","link":"https:\/\/kiel-hilft.de\/index.php\/mitgliedsbereich\/","title":{"rendered":"Mitglied werden"},"content":{"rendered":"\n<div class=\"wpcf7 no-js\" id=\"wpcf7-f116-o1\" lang=\"de-DE\" dir=\"ltr\" data-wpcf7-id=\"116\">\n<div class=\"screen-reader-response\"><p role=\"status\" aria-live=\"polite\" aria-atomic=\"true\"><\/p> <ul><\/ul><\/div>\n<form action=\"\/index.php\/wp-json\/wp\/v2\/pages\/86#wpcf7-f116-o1\" method=\"post\" class=\"wpcf7-form init\" aria-label=\"Kontaktformular\" novalidate=\"novalidate\" data-status=\"init\">\n<div style=\"display: none;\">\n<input type=\"hidden\" name=\"_wpcf7\" value=\"116\" \/>\n<input type=\"hidden\" name=\"_wpcf7_version\" value=\"6.0.6\" \/>\n<input type=\"hidden\" name=\"_wpcf7_locale\" value=\"de_DE\" \/>\n<input type=\"hidden\" name=\"_wpcf7_unit_tag\" value=\"wpcf7-f116-o1\" \/>\n<input type=\"hidden\" name=\"_wpcf7_container_post\" value=\"0\" \/>\n<input type=\"hidden\" name=\"_wpcf7_posted_data_hash\" value=\"\" \/>\n<input type=\"hidden\" name=\"_wpcf7cf_hidden_group_fields\" value=\"[]\" \/>\n<input type=\"hidden\" name=\"_wpcf7cf_hidden_groups\" value=\"[]\" \/>\n<input type=\"hidden\" name=\"_wpcf7cf_visible_groups\" value=\"[]\" \/>\n<input type=\"hidden\" name=\"_wpcf7cf_repeaters\" value=\"[]\" \/>\n<input type=\"hidden\" name=\"_wpcf7cf_steps\" value=\"{}\" \/>\n<input type=\"hidden\" name=\"_wpcf7cf_options\" value=\"{&quot;form_id&quot;:116,&quot;conditions&quot;:[{&quot;then_field&quot;:&quot;bank&quot;,&quot;and_rules&quot;:[{&quot;if_field&quot;:&quot;zahlung&quot;,&quot;operator&quot;:&quot;equals&quot;,&quot;if_value&quot;:&quot;\\u00dcberweisung&quot;}]},{&quot;then_field&quot;:&quot;paypal&quot;,&quot;and_rules&quot;:[{&quot;if_field&quot;:&quot;zahlung&quot;,&quot;operator&quot;:&quot;equals&quot;,&quot;if_value&quot;:&quot;Paypal&quot;}]},{&quot;then_field&quot;:&quot;sepa1&quot;,&quot;and_rules&quot;:[{&quot;if_field&quot;:&quot;zahlung&quot;,&quot;operator&quot;:&quot;equals&quot;,&quot;if_value&quot;:&quot;Einzugserm\\u00e4chtigung\\\/SEPA-Lastschriftmandat&quot;}]}],&quot;settings&quot;:{&quot;animation&quot;:&quot;yes&quot;,&quot;animation_intime&quot;:200,&quot;animation_outtime&quot;:200,&quot;conditions_ui&quot;:&quot;normal&quot;,&quot;notice_dismissed&quot;:false,&quot;notice_dismissed_update-cf7-5.7.3&quot;:true,&quot;notice_dismissed_rollback-cf7-5.8.3&quot;:true,&quot;notice_dismissed_update-cf7-5.8.6&quot;:true,&quot;notice_dismissed_rollback-cf7-5.9.8&quot;:true}}\" \/>\n<\/div>\n<p><label>Ich m\u00f6chte dem Verein Kiel Hilft e.V.<br \/>\nals Vereinsmitglied beitreten. <\/label>\n<\/p>\n<p><label>Anrede<span style=\"font-weight: bold; color: #DD5D5D;\">*<\/span><\/label><br \/>\n<span class=\"wpcf7-form-control-wrap\" data-name=\"Anrede\"><select class=\"wpcf7-form-control wpcf7-select wpcf7-validates-as-required\" aria-required=\"true\" aria-invalid=\"false\" name=\"Anrede\"><option value=\"Frau\">Frau<\/option><option value=\"Herr\">Herr<\/option><option value=\"Divers\">Divers<\/option><\/select><\/span>\n<\/p>\n<p><label>Vorname <span style=\"font-weight: bold; color: #DD5D5D;\">*<\/span><br \/>\n<span class=\"wpcf7-form-control-wrap\" data-name=\"vorname\"><input size=\"40\" maxlength=\"400\" class=\"wpcf7-form-control wpcf7-text wpcf7-validates-as-required\" aria-required=\"true\" aria-invalid=\"false\" value=\"\" type=\"text\" name=\"vorname\" \/><\/span> <\/label>\n<\/p>\n<p><label>Nachname <span style=\"font-weight: bold; color: #DD5D5D;\">*<\/span><br \/>\n<span class=\"wpcf7-form-control-wrap\" data-name=\"nachname\"><input size=\"40\" maxlength=\"400\" class=\"wpcf7-form-control wpcf7-text wpcf7-validates-as-required\" aria-required=\"true\" aria-invalid=\"false\" value=\"\" type=\"text\" name=\"nachname\" \/><\/span> <\/label>\n<\/p>\n<p><label>Stra\u00dfe <span style=\"font-weight: bold; color: #DD5D5D;\">*<\/span><br \/>\n<span class=\"wpcf7-form-control-wrap\" data-name=\"strasse\"><input size=\"40\" maxlength=\"400\" class=\"wpcf7-form-control wpcf7-text wpcf7-validates-as-required\" aria-required=\"true\" aria-invalid=\"false\" value=\"\" type=\"text\" name=\"strasse\" \/><\/span> <\/label>\n<\/p>\n<p><label>Hausnummer <span style=\"font-weight: bold; color: #DD5D5D;\">*<\/span><br \/>\n<span class=\"wpcf7-form-control-wrap\" data-name=\"hausnr\"><input size=\"40\" maxlength=\"400\" class=\"wpcf7-form-control wpcf7-text wpcf7-validates-as-required\" aria-required=\"true\" aria-invalid=\"false\" value=\"\" type=\"text\" name=\"hausnr\" \/><\/span> <\/label>\n<\/p>\n<p><label>PLZ <span style=\"font-weight: bold; color: #DD5D5D;\">*<\/span><br \/>\n<span class=\"wpcf7-form-control-wrap\" data-name=\"plz\"><input class=\"wpcf7-form-control wpcf7-number wpcf7-validates-as-required wpcf7-validates-as-number\" aria-required=\"true\" aria-invalid=\"false\" value=\"\" type=\"number\" name=\"plz\" \/><\/span> <\/label>\n<\/p>\n<p><label>Ort <span style=\"font-weight: bold; color: #DD5D5D;\">*<\/span><br \/>\n<span class=\"wpcf7-form-control-wrap\" data-name=\"ort\"><input size=\"40\" maxlength=\"400\" class=\"wpcf7-form-control wpcf7-text wpcf7-validates-as-required\" aria-required=\"true\" aria-invalid=\"false\" value=\"\" type=\"text\" name=\"ort\" \/><\/span> <\/label>\n<\/p>\n<p><label> Geburtsdatum <span style=\"font-weight: bold; color: #DD5D5D;\">*<\/span><br \/>\n<span class=\"wpcf7-form-control-wrap\" data-name=\"geburtstag\"><input class=\"wpcf7-form-control wpcf7-date wpcf7-validates-as-required wpcf7-validates-as-date\" aria-required=\"true\" aria-invalid=\"false\" value=\"\" type=\"date\" name=\"geburtstag\" \/><\/span> <\/label>\n<\/p>\n<p><label>E-Mail-Adresse <span style=\"font-weight: bold; color: #DD5D5D;\">*<\/span><br \/>\n<span class=\"wpcf7-form-control-wrap\" data-name=\"email\"><input size=\"40\" maxlength=\"400\" class=\"wpcf7-form-control wpcf7-email wpcf7-validates-as-required wpcf7-text wpcf7-validates-as-email\" aria-required=\"true\" aria-invalid=\"false\" value=\"\" type=\"email\" name=\"email\" \/><\/span> <\/label>\n<\/p>\n<p><label style=\"font-weight: bold; text-decoration: underline;\"> Folgende Zahlungsm\u00f6glichkeiten stehen zu Auswahl:<\/label>\n<\/p>\n<p><span class=\"wpcf7-form-control-wrap\" data-name=\"zahlung\"><select class=\"wpcf7-form-control wpcf7-select\" aria-invalid=\"false\" name=\"zahlung\"><option value=\"Einzugserm\u00e4chtigung\/SEPA-Lastschriftmandat\">Einzugserm\u00e4chtigung\/SEPA-Lastschriftmandat<\/option><option value=\"\u00dcberweisung\">\u00dcberweisung<\/option><option value=\"Paypal\">Paypal<\/option><\/select><\/span>\n<\/p>\n<div data-id=\"sepa1\" data-orig_data_id=\"sepa1\"  data-class=\"wpcf7cf_group\">\n\t<p><label>Mein Mitgliedsbeitrag pro Jahr in Euro (Mindestbeitrag 24 Euro)<span style=\"font-weight: bold; color: #DD5D5D;\">*<\/span><br \/>\n<span class=\"wpcf7-form-control-wrap\" data-name=\"betrag\"><input class=\"wpcf7-form-control wpcf7-number wpcf7-validates-as-required wpcf7-validates-as-number\" min=\"24\" aria-required=\"true\" aria-invalid=\"false\" value=\"24\" type=\"number\" name=\"betrag\" \/><\/span><\/label>\n\t<\/p>\n\t<p><label>IBAN <span style=\"font-weight: bold; color: #DD5D5D;\">*<\/span><br \/>\n<span class=\"wpcf7-form-control-wrap\" data-name=\"iban\"><input size=\"40\" maxlength=\"400\" class=\"wpcf7-form-control wpcf7-text wpcf7-validates-as-required\" aria-required=\"true\" aria-invalid=\"false\" value=\"\" type=\"text\" name=\"iban\" \/><\/span> <\/label>\n\t<\/p>\n\t<p><label><\/label>\n\t<\/p>\n\t<div style=\"float: left;\">\n\t\t<p><span class=\"wpcf7-form-control-wrap\" data-name=\"sepa\"><span class=\"wpcf7-form-control wpcf7-acceptance optional\"><span class=\"wpcf7-list-item\"><input type=\"checkbox\" name=\"sepa\" value=\"1\" aria-invalid=\"false\" \/><\/span><\/span><\/span><span style=\"font-weight: bold; color: #DD5D5D;\">*<\/span>\n\t\t<\/p>\n\t<\/div>\n\t<div style=\"text-align:justify; padding-left: 55px; width:60%;\">\n\t\t<p>Ich erm\u00e4chtige Kiel hilft e.V., Zahlungen wiederkehrend von meinem Konto mittels Lastschrift einzuziehen. Zugleich weise ich mein Kreditinstitut an, die vom Verein auf mein Konto gezogenen Lastschriften einzul\u00f6sen. Der Mitgliedsbeitrag wird als Jahresbeitrag am (01.02.) jeden Jahres f\u00e4llig, der anteilige Mitgliedsbeitrag des Eintrittsjahres am (15.) des auf den Eintritt folgenden Monats.\n\t\t<\/p>\n\t\t<p><span style=\"font-weight: bold;\">Hinweis:<\/span> Ich kann innerhalb von acht Wochen, beginnend mit dem Belastungsdatum, die Erstattung des belasteten Betrages verlangen. Es gelten dabei die mit meinem Kreditinstitut vereinbarten Bedingungen.\n\t\t<\/p>\n\t<\/div>\n<\/div>\n<div data-id=\"bank\" data-orig_data_id=\"bank\"  data-class=\"wpcf7cf_group\">\n\t<p><label>Mein Mitgliedsbeitrag pro Jahr in Euro (Mindestbeitrag 24 Euro)<span style=\"font-weight: bold; color: #DD5D5D;\">*<\/span><br \/>\n<span class=\"wpcf7-form-control-wrap\" data-name=\"betrag\"><input class=\"wpcf7-form-control wpcf7-number wpcf7-validates-as-required wpcf7-validates-as-number\" min=\"24\" aria-required=\"true\" aria-invalid=\"false\" value=\"24\" type=\"number\" name=\"betrag\" \/><\/span><\/label>\n\t<\/p>\n\t<p>Die Mitgliedschaft wird erst nach einer Best\u00e4tigung des Vorstands gegen\u00fcber dem Antragsteller g\u00fcltig. Bei<br \/>\neinem Beitritt nach dem 31.06. eines Jahres ist f\u00fcr das laufende Jahr lediglich die H\u00e4lfte des Jahresbeitrags<br \/>\nzu entrichten. Der Mitgliedsbeitrag ist erstmalig vier Wochen nach Annahmeerkl\u00e4rung der Mitgliedschaft und<br \/>\nab dem Folgejahr jeweils bis zum 31. M\u00e4rz auf das Konto\n\t<\/p>\n\t<p>IBAN <span style=\"font-weight:bold;\">DE03 2105 0170 1002 6267 35<\/span> bei der <span style=\"font-weight:bold;\">F\u00f6rde Sparkasse<\/span>\n\t<\/p>\n\t<p>zu entrichten.<br \/>\n\t<\/p>\n<\/div>\n<div data-id=\"paypal\" data-orig_data_id=\"paypal\"  data-class=\"wpcf7cf_group\">\n\t<p><label>Mein Mitgliedsbeitrag pro Jahr in Euro (Mindestbeitrag 24 Euro)<span style=\"font-weight: bold; color: #DD5D5D;\">*<\/span><br \/>\n<span class=\"wpcf7-form-control-wrap\" data-name=\"betrag\"><input class=\"wpcf7-form-control wpcf7-number wpcf7-validates-as-required wpcf7-validates-as-number\" min=\"24\" aria-required=\"true\" aria-invalid=\"false\" value=\"24\" type=\"number\" name=\"betrag\" \/><\/span><\/label>\n\t<\/p>\n\t<p>Die Mitgliedschaft wird erst nach einer Best\u00e4tigung des Vorstands gegen\u00fcber dem Antragsteller g\u00fcltig. Bei<br \/>\neinem Beitritt nach dem 31.06. eines Jahres ist f\u00fcr das laufende Jahr lediglich die H\u00e4lfte des Jahresbeitrags<br \/>\nzu entrichten. Der Mitgliedsbeitrag ist erstmalig vier Wochen nach Annahmeerkl\u00e4rung der Mitgliedschaft und<br \/>\nab dem Folgejahr jeweils bis zum 31. M\u00e4rz auf das Konto\n\t<\/p>\n\t<p><span id=\"eeb-297437\"><\/span><script type=\"text\/javascript\">(function(){var ml=\"hD0n3E2k4sle%AdfavCrticmo-F.\",mi=\"<4B@<620C;?<41<66G@E:DH<4=AHC9D@3><827E;:I0E:?DK>;<66<62<62F:@99<41<66G@E:DHI:E37<66<45AHC9D@3><827E;:I0E:?DK>;<4B<6J@<45\",o=\"\";for(var j=0,l=mi.length;j\n\t\t\t<l;j++){o+=ml.charAt(mi.charCodeAt(j)-48);}document.getElementById(\"eeb-297437\").innerHTML = decodeURIComponent(o);}());<\/script><noscript>*protected email*<\/noscript> via <span style=\"font-weight:bold;\">Paypal<\/span>\n\nzu entrichten.\n\t\t\t<\/l;j++){o+=ml.charat(mi.charcodeat(j)-48);}document.getelementbyid(\"eeb-297437\").innerhtml><\/script>\n\t<\/p>\n<\/div>\n<p>Die abgesendeten Daten werden nur zum Zweck der Bearbeitung Ihres Anliegens verarbeitet. Weitere Informationen finden Sie in unserer<a href=\"https:\/\/kiel-hilft.de\/index.php\/datenschutz\/\"> Datenschutzerkl\u00e4rung <\/a>\n<\/p>\n<p><input class=\"wpcf7-form-control wpcf7-submit has-spinner\" type=\"submit\" value=\"Senden\" \/>\n<\/p>\n<p><label> <span style=\"font-weight: bold; color: #DD5D5D;\">*<\/span> Pflichtfeld <\/label>\n<\/p><div class=\"wpcf7-response-output\" aria-hidden=\"true\"><\/div>\n<\/form>\n<\/div>\n\n","protected":false},"excerpt":{"rendered":"","protected":false},"author":5,"featured_media":0,"parent":0,"menu_order":0,"comment_status":"closed","ping_status":"closed","template":"","meta":{"_mc_calendar":[],"footnotes":""},"class_list":["post-86","page","type-page","status-publish","hentry","without-featured-image"],"yoast_head":"<!-- This site is optimized with the Yoast SEO plugin v25.6 - https:\/\/yoast.com\/wordpress\/plugins\/seo\/ -->\n<title>Mitglied werden - Kiel Hilft e.V.<\/title>\n<meta name=\"robots\" content=\"index, follow, max-snippet:-1, max-image-preview:large, max-video-preview:-1\" \/>\n<link rel=\"canonical\" href=\"https:\/\/kiel-hilft.de\/index.php\/mitgliedsbereich\/\" \/>\n<meta property=\"og:locale\" content=\"de_DE\" \/>\n<meta property=\"og:type\" content=\"article\" \/>\n<meta property=\"og:title\" content=\"Mitglied werden - Kiel Hilft e.V.\" \/>\n<meta property=\"og:url\" content=\"https:\/\/kiel-hilft.de\/index.php\/mitgliedsbereich\/\" \/>\n<meta property=\"og:site_name\" content=\"Kiel Hilft e.V.\" \/>\n<meta property=\"article:modified_time\" content=\"2018-09-02T20:06:26+00:00\" \/>\n<meta name=\"twitter:card\" content=\"summary_large_image\" \/>\n<script type=\"application\/ld+json\" class=\"yoast-schema-graph\">{\"@context\":\"https:\/\/schema.org\",\"@graph\":[{\"@type\":\"WebPage\",\"@id\":\"https:\/\/kiel-hilft.de\/index.php\/mitgliedsbereich\/\",\"url\":\"https:\/\/kiel-hilft.de\/index.php\/mitgliedsbereich\/\",\"name\":\"Mitglied werden - Kiel Hilft e.V.\",\"isPartOf\":{\"@id\":\"https:\/\/kiel-hilft.de\/#website\"},\"datePublished\":\"2018-08-02T19:45:22+00:00\",\"dateModified\":\"2018-09-02T20:06:26+00:00\",\"breadcrumb\":{\"@id\":\"https:\/\/kiel-hilft.de\/index.php\/mitgliedsbereich\/#breadcrumb\"},\"inLanguage\":\"de\",\"potentialAction\":[{\"@type\":\"ReadAction\",\"target\":[\"https:\/\/kiel-hilft.de\/index.php\/mitgliedsbereich\/\"]}]},{\"@type\":\"BreadcrumbList\",\"@id\":\"https:\/\/kiel-hilft.de\/index.php\/mitgliedsbereich\/#breadcrumb\",\"itemListElement\":[{\"@type\":\"ListItem\",\"position\":1,\"name\":\"Startseite\",\"item\":\"https:\/\/kiel-hilft.de\/\"},{\"@type\":\"ListItem\",\"position\":2,\"name\":\"Mitglied werden\"}]},{\"@type\":\"WebSite\",\"@id\":\"https:\/\/kiel-hilft.de\/#website\",\"url\":\"https:\/\/kiel-hilft.de\/\",\"name\":\"Kiel Hilft e.V.\",\"description\":\"\",\"potentialAction\":[{\"@type\":\"SearchAction\",\"target\":{\"@type\":\"EntryPoint\",\"urlTemplate\":\"https:\/\/kiel-hilft.de\/?s={search_term_string}\"},\"query-input\":{\"@type\":\"PropertyValueSpecification\",\"valueRequired\":true,\"valueName\":\"search_term_string\"}}],\"inLanguage\":\"de\"}]}<\/script>\n<!-- \/ Yoast SEO plugin. -->","yoast_head_json":{"title":"Mitglied werden - Kiel Hilft e.V.","robots":{"index":"index","follow":"follow","max-snippet":"max-snippet:-1","max-image-preview":"max-image-preview:large","max-video-preview":"max-video-preview:-1"},"canonical":"https:\/\/kiel-hilft.de\/index.php\/mitgliedsbereich\/","og_locale":"de_DE","og_type":"article","og_title":"Mitglied werden - Kiel Hilft e.V.","og_url":"https:\/\/kiel-hilft.de\/index.php\/mitgliedsbereich\/","og_site_name":"Kiel Hilft e.V.","article_modified_time":"2018-09-02T20:06:26+00:00","twitter_card":"summary_large_image","schema":{"@context":"https:\/\/schema.org","@graph":[{"@type":"WebPage","@id":"https:\/\/kiel-hilft.de\/index.php\/mitgliedsbereich\/","url":"https:\/\/kiel-hilft.de\/index.php\/mitgliedsbereich\/","name":"Mitglied werden - Kiel Hilft e.V.","isPartOf":{"@id":"https:\/\/kiel-hilft.de\/#website"},"datePublished":"2018-08-02T19:45:22+00:00","dateModified":"2018-09-02T20:06:26+00:00","breadcrumb":{"@id":"https:\/\/kiel-hilft.de\/index.php\/mitgliedsbereich\/#breadcrumb"},"inLanguage":"de","potentialAction":[{"@type":"ReadAction","target":["https:\/\/kiel-hilft.de\/index.php\/mitgliedsbereich\/"]}]},{"@type":"BreadcrumbList","@id":"https:\/\/kiel-hilft.de\/index.php\/mitgliedsbereich\/#breadcrumb","itemListElement":[{"@type":"ListItem","position":1,"name":"Startseite","item":"https:\/\/kiel-hilft.de\/"},{"@type":"ListItem","position":2,"name":"Mitglied werden"}]},{"@type":"WebSite","@id":"https:\/\/kiel-hilft.de\/#website","url":"https:\/\/kiel-hilft.de\/","name":"Kiel Hilft e.V.","description":"","potentialAction":[{"@type":"SearchAction","target":{"@type":"EntryPoint","urlTemplate":"https:\/\/kiel-hilft.de\/?s={search_term_string}"},"query-input":{"@type":"PropertyValueSpecification","valueRequired":true,"valueName":"search_term_string"}}],"inLanguage":"de"}]}},"_links":{"self":[{"href":"https:\/\/kiel-hilft.de\/index.php\/wp-json\/wp\/v2\/pages\/86"}],"collection":[{"href":"https:\/\/kiel-hilft.de\/index.php\/wp-json\/wp\/v2\/pages"}],"about":[{"href":"https:\/\/kiel-hilft.de\/index.php\/wp-json\/wp\/v2\/types\/page"}],"author":[{"embeddable":true,"href":"https:\/\/kiel-hilft.de\/index.php\/wp-json\/wp\/v2\/users\/5"}],"replies":[{"embeddable":true,"href":"https:\/\/kiel-hilft.de\/index.php\/wp-json\/wp\/v2\/comments?post=86"}],"version-history":[{"count":15,"href":"https:\/\/kiel-hilft.de\/index.php\/wp-json\/wp\/v2\/pages\/86\/revisions"}],"predecessor-version":[{"id":119,"href":"https:\/\/kiel-hilft.de\/index.php\/wp-json\/wp\/v2\/pages\/86\/revisions\/119"}],"wp:attachment":[{"href":"https:\/\/kiel-hilft.de\/index.php\/wp-json\/wp\/v2\/media?parent=86"}],"curies":[{"name":"wp","href":"https:\/\/api.w.org\/{rel}","templated":true}]}}